{"id":130,"date":"2020-09-23T18:35:57","date_gmt":"2020-09-23T16:35:57","guid":{"rendered":"https:\/\/frenchrealtyinvest.com\/?page_id=130"},"modified":"2022-06-14T15:02:08","modified_gmt":"2022-06-14T13:02:08","slug":"mentions-legales","status":"publish","type":"page","link":"https:\/\/frenchrealtyinvest.com\/index.php\/mentions-legales\/","title":{"rendered":"Mentions l\u00e9gales"},"content":{"rendered":"\t\t<div data-elementor-type=\"wp-page\" data-elementor-id=\"130\" class=\"elementor elementor-130\" data-elementor-settings=\"[]\">\n\t\t\t\t\t\t<div class=\"elementor-inner\">\n\t\t\t\t\t\t\t<div class=\"elementor-section-wrap\">\n\t\t\t\t\t\t\t<section class=\"elementor-section elementor-top-section elementor-element elementor-element-5d16503 elementor-section-boxed elementor-section-height-default elementor-section-height-default\" data-id=\"5d16503\" data-element_type=\"section\">\n\t\t\t\t\t\t<div class=\"elementor-container elementor-column-gap-default\">\n\t\t\t\t\t\t\t<div class=\"elementor-row\">\n\t\t\t\t\t<div class=\"elementor-column elementor-col-100 elementor-top-column elementor-element elementor-element-e79c1f6\" data-id=\"e79c1f6\" data-element_type=\"column\">\n\t\t\t<div class=\"elementor-column-wrap elementor-element-populated\">\n\t\t\t\t\t\t\t<div class=\"elementor-widget-wrap\">\n\t\t\t\t\t\t<div class=\"elementor-element elementor-element-0d8a636 elementor-widget elementor-widget-text-editor\" data-id=\"0d8a636\" data-element_type=\"widget\" data-widget_type=\"text-editor.default\">\n\t\t\t\t<div class=\"elementor-widget-container\">\n\t\t\t\t\t<div class=\"elementor-text-editor elementor-clearfix\"><h2><strong>\u00c9diteur <\/strong><\/h2><p>FRI French Realty Invest est une soci\u00e9t\u00e9 par actions simplifi\u00e9e, sise au 36, rue Scheffer 75116 Paris.<\/p><p>Siren 887\u00a0589\u00a0794<br \/>Siret 88758979400015<\/p><h2><strong>H\u00e9bergement<\/strong><\/h2><p>OVH SAS est une filiale de la soci\u00e9t\u00e9 OVH Groupe SAS, soci\u00e9t\u00e9 immatricul\u00e9e au RCS de Lille sous le num\u00e9ro 537 407 926 sise 2, rue Kellermann, 59100 Roubaix.<\/p><h2><strong>Directeurs de la publication<\/strong><\/h2><p>Rodolphe Brault, Pr\u00e9sident de FRI.<\/p><h2><strong>Propri\u00e9t\u00e9 intellectuelle<\/strong><\/h2><p>Toute repr\u00e9sentation ou reproduction totale ou partielle du site ou des \u00e9l\u00e9ments qui le composent, sans autorisation expresse et pr\u00e9alable de la soci\u00e9t\u00e9 FRI, est interdite.<\/p><h2>CREDITS PHOTOS<\/h2><p>Istock by Getty Images<\/p><h2>EDITORIAL<\/h2><p><a href=\"mailto:Totemcopywriting@gmail.com\">Totemcopywriting@gmail.com<\/a><\/p><h2><strong>Responsabilit\u00e9<\/strong><\/h2><p>FRI s\u2019efforce de v\u00e9rifier l\u2019exactitude des informations mentionn\u00e9es sur le site et se r\u00e9serve le droit de les mettre \u00e0 jour, de les modifier ou de les supprimer \u00e0 tout moment et sans pr\u00e9avis.<\/p><p>FRI ne saurait voir sa responsabilit\u00e9 engag\u00e9e au titre d\u2019un quelconque dommage r\u00e9sultant directement ou indirectement de l\u2019utilisation du pr\u00e9sent site<\/p><h2><strong>Conception et r\u00e9alisation du site<\/strong><\/h2><p>Caroline Laurent<br \/><strong><a href=\"http:\/\/www.claurent-web.com\" target=\"_blank\" rel=\"noopener\">claurent-web.com<\/a><\/strong><\/p><\/div>\n\t\t\t\t<\/div>\n\t\t\t\t<\/div>\n\t\t\t\t\t\t<\/div>\n\t\t\t\t\t<\/div>\n\t\t<\/div>\n\t\t\t\t\t\t\t\t<\/div>\n\t\t\t\t\t<\/div>\n\t\t<\/section>\n\t\t\t\t\t\t<\/div>\n\t\t\t\t\t\t<\/div>\n\t\t\t\t\t<\/div>\n\t\t","protected":false},"excerpt":{"rendered":"<p>\u00c9diteur FRI French Realty Invest est une soci\u00e9t\u00e9 par actions simplifi\u00e9e, sise au 36, rue Scheffer 75116 Paris. Siren 887\u00a0589\u00a0794Siret 88758979400015 H\u00e9bergement OVH SAS est une filiale de la soci\u00e9t\u00e9 OVH Groupe SAS, soci\u00e9t\u00e9 immatricul\u00e9e au RCS de Lille sous le num\u00e9ro 537 407 926 sise 2, rue Kellermann, 59100 Roubaix. Directeurs de la publication [&hellip;]<\/p>\n","protected":false},"author":1,"featured_media":0,"parent":0,"menu_order":6,"comment_status":"closed","ping_status":"closed","template":"","meta":[],"_links":{"self":[{"href":"https:\/\/frenchrealtyinvest.com\/index.php\/wp-json\/wp\/v2\/pages\/130"}],"collection":[{"href":"https:\/\/frenchrealtyinvest.com\/index.php\/wp-json\/wp\/v2\/pages"}],"about":[{"href":"https:\/\/frenchrealtyinvest.com\/index.php\/wp-json\/wp\/v2\/types\/page"}],"author":[{"embeddable":true,"href":"https:\/\/frenchrealtyinvest.com\/index.php\/wp-json\/wp\/v2\/users\/1"}],"replies":[{"embeddable":true,"href":"https:\/\/frenchrealtyinvest.com\/index.php\/wp-json\/wp\/v2\/comments?post=130"}],"version-history":[{"count":11,"href":"https:\/\/frenchrealtyinvest.com\/index.php\/wp-json\/wp\/v2\/pages\/130\/revisions"}],"predecessor-version":[{"id":222,"href":"https:\/\/frenchrealtyinvest.com\/index.php\/wp-json\/wp\/v2\/pages\/130\/revisions\/222"}],"wp:attachment":[{"href":"https:\/\/frenchrealtyinvest.com\/index.php\/wp-json\/wp\/v2\/media?parent=130"}],"curies":[{"name":"wp","href":"https:\/\/api.w.org\/{rel}","templated":true}]}}